88 = 0. Calculate the highest common divisor of w and 286.
22
Let o be (456/15)/((-3)/(-15)). Let q be 9/((-63)/(-2)) + o/7. Calculate the highest common divisor of q and 121.
11
Let t = 145 + 2. Calculate the highest common divisor of t and 12.
3
Let b = 60 + -2. Suppose 6*j - b = 50. Calculate the greatest common divisor of j and 63.
9
Suppose -16*s + 135 = -201. Suppose 3*i - 42 = 3*y, -4*y = -2*i + 7*i - 34. Let j = -3 + i. Calculate the highest common divisor of j and s.
7
Let f be (27/(-45))/(10/(-500)). Calculate the greatest common divisor of 102 and f.
6
Let u(i) = -i**3 + 44*i**2 - 187*i + 49. Let r be u(39). Calculate the highest common factor of r and 19.
19
Let k = 23 + 2. Let z = 24 + -34. Let b = -5 - z. Calculate the highest common divisor of b and k.
5
Let t = -85 - -122. Suppose -y = t - 213. Let c(z) = 2*z**3 - z**2 + 3*z - 2. Let o be c(2). Calculate the greatest common factor of o and y.
16
Let k(t) = 3*t**2 + 3*t - 169. Let x be k(-11). What is the highest common divisor of x and 115?
23
Let g be (22/(-4))/11*(-18)/1. What is the greatest common factor of 729 and g?
9
Suppose 31 - 74 = -2*y - 5*b, 4*y = -5*b + 61. Suppose -5*d - 179 = -3*x, 0 = 4*x - d + 3 - 253. What is the highest common divisor of y and x?
9
Let b be (-4 - 40/(-7))/(4/14). What is the highest common divisor of 36 and b?
6
Let k be -12*(132/(-80) + (-12)/(-30)). What is the highest common factor of k and 1605?
15
Suppose -52*r + 945 = -49*r. What is the greatest common divisor of 45 and r?
45
Let n = -9 + 5. Let w = -2 + n. Let z be w + 13 - (1 + 2). What is the highest common divisor of 4 and z?
4
Suppose -26*c = -28*c + 6. Suppose -5*r - 4*u = -8*u - 176, 5*r = -c*u + 148. What is the greatest common factor of r and 8?
8
Suppose 0 = 5*o - 26 + 1. Suppose 0 = o*j - j - 192. Calculate the greatest common divisor of 32 and j.
16
Suppose 2*u + 27 = 9. Let m(q) = -q**2 - 9*q - 6. Let j be m(u). Let l be (33/j)/((-1)/2). What is the highest common divisor of 55 and l?
11
Suppose 9*o = 5*o + 20. Suppose -17 = -j - r, -r + 0*r = o*j - 73. Calculate the greatest common divisor of 14 and j.
14
Let o = 11 - -29. What is the highest common divisor of o and 360?
40
Suppose -y - j - 16 = 2*j, 4*y = -4*j - 48. Let o be (10/(-4))/(y/600). Let v = o - 86. Calculate the highest common factor of v and 16.
16
Let g be (-2)/(-9) + (-34)/(-9) - -36. What is the highest common factor of 5 and g?
5
Suppose -6*w - 11 + 125 = 0. What is the highest common divisor of w and 209?
19
Let g = -560 - -617. What is the highest common divisor of 114 and g?
57
Let q(o) = -o**3 + 28*o**2 - 63*o - 8. Let f be q(7). Calculate the greatest common factor of f and 20.
20
Let q be (-9)/((-324)/(-333))*-4. Calculate the greatest common factor of q and 370.
37
Let y = 10 + 85. Suppose 5*q - 1 = 34. Suppose 6*m + 38 = q*m. Calculate the greatest common factor of m and y.
19
Let u be ((-336)/72)/((-4)/6) - 1. Let d(b) = -10*b - 4. Let n = 14 + -21. Let j be d(n). What is the greatest common divisor of u and j?
6
Let c be 9/3 + -7 - -4 - -415. Let j = c - 253. What is the highest common factor of j and 18?
18
Let d(y) = 9*y + 125. Let v be d(-11). Calculate the highest common factor of v and 208.
26
Let l = 35 + -16. Suppose 3*o - l + 7 = 0. Suppose -2*y + 2*i + 107 = 3*i, 0 = -3*y + o*i + 177. What is the highest common divisor of y and 22?
11
Let b be 3/8 - (-3 + (-4874)/16). What is the greatest common divisor of b and 88?
44
Let o = -1139 + 1229. Calculate the highest common divisor of 144 and o.
18
Suppose 110 = -4*u - u. Let x be (u - 11)*(-4)/6. Suppose 5*s + 1 = 3*w + 10, 2*w - 1 = s. Calculate the greatest common factor of x and w.
2
Let i(b) = b - 1. Let c be i(2). Let f be c*(6 - -2) - -1. Suppose -35*o = -37 - 278. Calculate the greatest common divisor of f and o.
9
Let m be (0 - -3) + -2 + 4. Let y be m/((-25)/6)*-5. Let l(o) = 20*o - 111. Let a be l(6). What is the highest common divisor of y and a?
3
Let l = 82 - 50. Suppose -2*v = 3*s - l, v - 3*v = 2*s - 24. Let n be (-4)/5*(-91 + 1). What is the highest common factor of s and n?
8
Let m = 841 - 401. Calculate the greatest common divisor of m and 40.
40
Let z(u) = -u**3 - 30*u**2 - 12*u - 72. Let b be z(-30). What is the highest common factor of 64 and b?
32
Let w(j) = -18*j - 3. Let k be 3*(4/(-3) - -2). Suppose 0 = -k*v - 8, -6 - 10 = 4*o + 2*v. Let a be w(o). What is the highest common divisor of a and 11?
11
Let u(c) = c**3 - 4*c**2 - 12*c + 3. Suppose -m - 2*m = -21. Let i be u(m). What is the highest common divisor of 6 and i?
6
Suppose 3*c - 63 = 3*p, -2*p = -2*c - 2*c + 76. Let m(f) = 8*f**3 - 4*f**2 - f + 10. Let d be m(3). Calculate the highest common divisor of c and d.
17
Let a be (44/28)/((-2)/(-14)). Calculate the greatest common factor of 440 and a.
11
Let n = 5401 - 5367. Suppose 2*u = -3*k + 8*k - 199, 5*k = 4*u + 203. Let q = k + -22. Calculate the highest common factor of n and q.
17
Suppose -4*n + 1996 = -2*n - x, 0 = -2*n - x + 2004. What is the highest common factor of 60 and n?
20
Suppose 2 + 40 = 2*t. Let s = 12 - 9. Suppose -s*k - 1 = -10. Calculate the greatest common factor of k and t.
3
Let p(t) = -t**3 + 11*t**2 - 8*t - 7. Let a be p(10). Let y be 17928/1368 - (6/(-19))/(-3). Calculate the greatest common divisor of y and a.
13
Suppose 3*w - 2 = -2*t + 9, 4*w - 18 = -t. What is the highest common factor of 4 and w?
1
Let r = 1498 + -1433. Suppose 0 = -0*w - w + 13. Calculate the highest common divisor of r and w.
13
Let a(n) = n**2 - 5*n - 5. Let i be (-12)/8*(-24)/9. Suppose 0 = p + i*p - 30. Let s be a(p). Calculate the highest common factor of 7 and s.
1
Let q(p) = p**2 + 24*p - 628. Let y be q(16). Calculate the greatest common divisor of 1164 and y.
12
Suppose 0 = -4*b + 3*z + 1100, 2*z - 4*z = 8. Calculate the greatest common divisor of 102 and b.
34
Let j(x) = x**2 + 9*x - 9. Let m be j(-13). Calculate the greatest common divisor of m and 688.
43
Let h be (10/(-3))/((-1)/3). Let f = -75 + 139. Suppose -f = -3*w + 4*q, 77 = 4*w + q + 2*q. Calculate the greatest common divisor of w and h.
10
Let r(j) = 725*j - 15. Suppose -p - 7 = -2*u + 5, 5*u - 4*p - 24 = 0. Let y be r(u). Let m be (-4)/30 - y/(-75). What is the highest common factor of m and 7?
7
Let q be 1/(((-48)/296)/(-6)). What is the greatest common divisor of q and 1369?
37
Let q(p) = p**2 - 5*p - 10. Let n be q(-7). Let t = -293 - -330. What is the highest common divisor of t and n?
37
Let c be (-742)/1855 + ((-18877)/5)/(-1). Calculate the highest common divisor of c and 25.
25
Suppose -5*c = 2*y - 18, -y - 3*c - 2 = -12. Calculate the highest common divisor of y and 76.
4
Let k = 95 - 64. Suppose -k = c - 9. Let z be 22/121 + (-260)/c. Calculate the greatest common factor of z and 12.
12
Suppose h - 5*m = 150, -4*h + 345 + 297 = m. Calculate the greatest common divisor of 220 and h.
20
Let s(m) = -m**2 - m + 3. Let o be s(4). Let u be o/(-6) + (-1)/(-6). Suppose -350 = -u*w - 74. What is the highest common divisor of 23 and w?
23
Let v(w) = 5*w - 1. Let z be v(1). Suppose 561 = z*h - 67. Suppose 0 = 4*a + 61 - h. What is the highest common factor of a and 60?
12
Let x be 0 + 1/(2 - 1). Suppose z - 10 = x. What is the highest common factor of 22 and z?
11
Let f = -242 + 303. Calculate the greatest common divisor of 61 and f.
61
Let r = -1066 + 1219. What is the greatest common factor of 187 and r?
17
Suppose 6*k = 44*k - 13072. What is the highest common factor of 8 and k?
8
Let q be 22/8*120/((-25)/(-5)). Suppose 24 = 4*h - 108. What is the greatest common factor of q and h?
33
Let o(j) = j**3 + 14*j**2 - 14*j - 22. Let i be o(-11). What is the highest common divisor of 45 and i?
45
Let c(f) = f**3 + 20*f**2 + f + 19. Let q be c(-20). Let g be (4 - q)*(-462)/(-14). Calculate the highest common divisor of g and 33.
33
Let p = -28 + 28. Let w be -3 + -2 + 5 - (-324)/1. Suppose p = 6*q - 3*q - w. Calculate the highest common factor of q and 12.
12
Let p = 28 + -26. Suppose -p*a - 8 + 0 = -3*i, 2*i - 3*a - 7 = 0. Suppose 8 = 4*f - 3*r, -f + 10 = 4*f - 2*r. Calculate the highest common divisor of f and i.
2
Let a(g) = -10 + 2 - 4 - 9*g + 1. Let t(m) = m**2 - 6*m + 1. Let h be t(5). Let k be a(h). What is the greatest common factor of 1